3374435 (base 8) in base 11?
-576012
What is 24979e (base 16) in base 15?
325840
-1200133230 (base 4) to base 11
-24aa53
Convert 145414310 (base 6) to base 7.
35026554
-214221043 (base 5) to base 10
-929523
Convert -1011011011010000101101 (base 2) to base 11.
-1766410
-143123430 (base 5) to base 12
-304a15
-f8ae (base 16) to base 4
-33202232
What is -1011000010001111111100 (base 2) in base 16?
-2c23fc
Convert -5730322 (base 8) to base 13.
-4248c4
Convert 57845 (base 14) to base 15.
43147
110101010020 (base 3) to base 5
30243243
What is -16709a9 (base 11) in base 3?
-12100100220001
What is -26612 (base 13) in base 12?
-35345
-455234 (base 7) to base 2
-10011110010101111
6cd67 (base 16) to base 14
b866b
What is -1001001011111110011 (base 2) in base 4?
-1021133303
1405709 (base 11) to base 14
471192
-7833810 (base 9) to base 15
-583d56
112102022011 (base 3) to base 12
1182a1
4543200 (base 6) to base 8
703760
What is 41c691 (base 14) in base 10?
2223943
Convert 100011101101011101 (base 2) to base 16.
23b5d
-53d4c9 (base 15) to base 14
-75d614
Convert 3152552 (base 6) to base 16.
25cf4
What is -243351333 (base 6) in base 9?
-8665323
What is 2ef7c3 (base 16) in base 10?
3078083
What is -535141 (base 7) in base 14?
-25c91
-537765 (base 9) to base 6
-10512305
724399 (base 10) to base 7
6104644
20111000100 (base 3) to base 10
127584
-b6591 (base 13) to base 2
-1010000001001111100
Convert b7b33 (base 13) to base 4.
1100322323
1000010101110110101 (base 2) to base 14
7187b
What is -12a55 (base 15) in base 4?
-32210321
Convert -334401 (base 9) to base 14.
-52cab
What is 112440 (base 11) in base 13?
63562
What is 33050254 (base 6) in base 13?
286c60
What is -220104 (base 8) in base 15?
-16ceb
-1143202323 (base 5) to base 11
-1590936
Convert -10110000010 (base 2) to base 6.
-10310
-83347b (base 14) to base 10
-4426965
What is 743854 (base 10) in base 13?
200767
What is 108537 (base 11) in base 3?
22202102010
Convert 50589 (base 11) to base 7.
425321
-200444040 (base 5) to base 6
-25024430
Convert 110001101011001010001 (base 2) to base 10.
1627729
What is 20011044 (base 5) in base 15?
317d4
Convert cb80c1 (base 16) to base 2.
110010111000000011000001
What is -112240014 (base 5) in base 11?
-318269
Convert 102113332 (base 5) to base 9.
718435
What is 216362 (base 9) in base 6?
2434432
What is 200355646 (base 7) in base 16?
b0e957
-159c759 (base 13) to base 7
-113140464
-26071 (base 9) to base 13
-7cba
Convert 11356642 (base 7) to base 15.
14d11a
Convert -5cf8d5 (base 16) to base 10.
-6093013
What is -3658a (base 15) in base 16?
-2a544
What is -9a690 (base 11) in base 4?
-203213300
Convert -11111000001001100000101 (base 2) to base 11.
-4654211
Convert -3135634 (base 8) to base 9.
-1511587
What is 2010101200100 (base 3) in base 13?
307293
What is 8486767 (base 11) in base 15?
14a271b
14113001 (base 7) to base 15
1ae6a2
What is -700c1a (base 14) in base 5?
-1431022034
What is -1152500 (base 7) in base 2?
-100011111111000000
Convert -41038d (base 14) to base 11.
-1266776
Convert -153025 (base 11) to base 16.
-3a2c4
Convert -100000001111110101100 (base 2) to base 4.
-10001332230
Convert 69609 (base 10) to base 6.
1254133
What is -13403221 (base 5) in base 15?
-2ad0b
-24c7592 (base 13) to base 2
-101011110111000110001001
What is -893230 (base 12) in base 2?
-1000010100111010000100
Convert -14b96 (base 12) to base 2.
-111001010100010
Convert 10b1e (base 15) to base 9.
80782
What is -4cbc (base 16) in base 10?
-19644
What is -11b6461 (base 12) in base 15?
-4894a4
What is 24763305 (base 8) in base 3?
101100100121120
Convert 40dbd (base 14) to base 6.
3203551
-564520 (base 7) to base 15
-1e9b7
What is -435234443 (base 6) in base 16?
-7733bb
What is 4130524 (base 6) in base 12?
96a44
Convert -1361601 (base 7) to base 3.
-100022012000
6eed0 (base 15) to base 10
354345
Convert 143442051 (base 6) to base 8.
13264517
-3b4770 (base 13) to base 6
-50453532
Convert -81ac6 (base 15) to base 6.
-12445523
124022 (base 7) to base 9
34482
-59303 (base 12) to base 4
-131031303
Convert -3c7181 (base 13) to base 11.
-916152
What is -3323322 (base 4) in base 16?
-3efa
What is -303648 (base 9) in base 4?
-223322120
-83a99 (base 11) to base 3
-20012221210
-318b09 (base 13) to base 15
-17e3de
Convert 1202404 (base 6) to base 2.
1111010101000100
What is 1001010000010000000001 (base 2) in base 12?
98ba29
Convert -1120212312 (base 4) to base 6.
-11440130
Convert -b9ba (base 16) to base 10.
-47546
Convert 4424a7 (base 16) to base 13.
c04906
What is 132113011 (base 4) in base 12?
5bb71
Convert -2022012230 (base 5) to base 10.
-4094690
What is 17272 (base 9) in base 3?
121022102
1151144 (base 8) to base 12
132a58
What is 443404330 (base 5) in base 15?
2834ca
Convert -3057633 (base 12) to base 13.
-1b59607
Convert 21895 (base 16) to base 8.
414225
What is -1539a9 (base 12) in base 14?
-94c37
11310013 (base 4) to base 2
101110100000111
-37244 (base 12) to base 14
-1d2ba
-2317948 (base 10) to base 7
-25462603
Convert -414320 (base 8) to base 7.
-1111440
What is -270435 (base 13) in base 11?
-594735
What is 270443 (base 9) in base 7?
1253160
Convert 1112606 (base 7) to base 8.
415163
Convert -126757 (base 9) to base 13.
-29179
What is 61617 (base 10) in base 8?
170261
What is -144220411 (base 7) in base 14?
-13b0d41
-31222200330 (base 4) to base 10
-3582012
What is 894128 (base 12) in base 9?
4088345
-90a687 (base 13) to base 5
-1330132412
What is 960059 (base 10) in base 7?
11106002
-12c550 (base 14) to base 13
-19930c
Convert -8022dd (base 15) to base 12.
-2053ab4
-12c46a (base 14) to base 9
-1187463
Convert -3033112302 (base 5) to base 10.
-6144702
What is -33213121033 (base 4) in base 11?
-2346581
-4b2a2 (base 14) to base 5
-21400012
Convert 237356 (base 12) to base 16.
8bc32
What is -16680267 (base 10) in base 16?
-fe854b
What is -3a7694 (base 12) in base 11?
-600516
-a4a203 (base 14) to base 4
-111031112323
What is 13230233310 (base 4) in base 14?
3a775a
What is 20130401 (base 5) in base 16?
27647
-43851d (base 16) to base 4
-100320110131
What is -16031507 (base 8) in base 15?
-4cb47d
What is 454b5 (base 13) in base 15?
27538
Convert 64411 (base 11) to base 8.
266742
-1002100221111 (base 3) to base 11
-365336
21011122022122 (base 3) to base 16
3a2875
Convert -69693 (base 11) to base 15.
-1ec53
What is -1780bb (base 13) in base 16?
-8fc96
What is -2373a (base 15) in base 2?
-11011100101101101
Convert 1168581 (base 10) to base 3.
2012100222210
Convert 1001010110011100111 (base 2) to base 7.
2414213
Convert 10100110110101010011 (base 2) to base 4.
2212311103
-bee54 (base 16) to base 2
-10111110111001010100
b6528b (base 12) to base 2
1010111100110101001011
What is 5a084 (base 14) in base 13?
78c81
Convert -d441 (base 14) to base 10.
-36513
What is 4353470 (base 8) in base 14?
22614c
-4808c2 (base 15) to base 5
-1340210412
Convert 152901 (base 12) to base 13.
c67cc
3404075 (base 12) to base 8
45775531
Convert -4a984 (base 14) to base 7.
-1361324
What is -22100000000 (base 3) in base 7?
-1252131
What is 86532 (base 12) in base 13?
62756
-111011010000101000111 (base 2) to base 13
-52cb18
23641 (base 10) to base 4
11301121
What is 3277042 (base 8) in base 10?
884258
Convert 121602 (base 12) to base 8.
1074042
1001011110101110010010 (base 2) to base 14
48993c
What is 105622 (base 8) in base 13?
13356
13021443 (base 5) to base 13
45768
-1169200 (base 10) to base 8
-4353460
Convert 14db33 (base 14) to base 6.
23344401
-24144 (base 12) to base 9
-73567
Convert -33c516 (base 14) to base 3.
-10022112220021
What is -2001102130 (base 4) in base 16?
-8149c
Convert -70562 (base 13) to base 16.
-31094
3640130 (base 7) to base 3
212112202022
Convert 2da940 (base 14) to base 7.
16431210
1314254 (base 6) to base 7
420433
What is 10001000011000001001000 (base 2) in base 10?
4468808
-2543053 (base 6) to base 16
-21b49
What is 5022c6 (base 13) in base 6?
103521223
Convert 100111110000110111110101 (base 2) to base 13.
220c737
-13272216 (base 8) to base 3
-12121100100210
Convert 10011110110000101011 (base 2) to base 5.
131302113
What is -2202200 (base 4) in base 3?
-112021012
-133070 (base 8) to base 4
-23120320
What is 2514403 (base 6) in base 14?
37031
What is 30d (base 15) in base 3?
221111
Convert -291695 (base